l(s) = s**2. Suppose 2*a + 3*a = 2*a. Suppose 5*i - 5 + a = 0. Let q be -1*(-1 - i) + -2. What is l(q)?
0
Let q be (-111)/21 + (-2)/(-7). Let g(y) be the third derivative of y**5/60 + y**4/8 + 7*y**3/6 + 2*y**2 + y - 135. Determine g(q).
17
Let s(n) be the first derivative of n**4/4 - 3*n**3 + 3*n**2 + n + 3737. Determine s(9).
55
Suppose 4*l - 33 = 11. Let f(t) = 8 + l + 6*t - 2*t - 3*t. Determine f(-16).
3
Let z(u) = -u**3 - 12*u**2 - 19*u + 8. Let o = 14657 + -14667. Determine z(o).
-2
Let f(h) = -4*h + 4. Let o be f(-1). Let s be 0 + 5 + -1 - 64/o. Let a(v) = -4*v + 2. What is a(s)?
18
Let n(j) = 14*j**2 - 266*j + 325. Let k(i) = -5*i**2 + 92*i - 109. Let p(w) = -17*k(w) - 6*n(w). Calculate p(-35).
8
Let d(o) be the second derivative of -o**6/120 - o**5/10 + 5*o**4/24 - 8*o**3/3 - 67*o**2 + 159*o. Let x(c) be the first derivative of d(c). Calculate x(-7).
-2
Let w(r) = r + 183. Let h(p) = 24. Let s(b) = -15*h(b) + 2*w(b). Let m be (-9)/1*2/3. Calculate s(m).
-6
Let i(j) = -j - 10. Let w(k) = -3*k - 30. Let r(o) = -7*i(o) + 2*w(o). Let g(x) = -2*x**2 + 9*x - 9. Let z be g(3). Give r(z).
10
Suppose -z + 4 = 7. Let n(c) = -3*c - 266. Let v(d) = 6*d + 576. Let k(o) = 13*n(o) + 6*v(o). Calculate k(z).
7
Let j(b) = 5*b**3 + 1. Let y = -139 + 199. Let h = 236 + -175. Let s = y - h. Give j(s).
-4
Let q(z) = -15*z - 198 + 52 + 725 - 213. What is q(23)?
21
Suppose -m + 76 - 105 = 0. Let k = -16 - m. Let d(n) = -k*n + 35*n - 4 + 2*n**2 - 18*n. Determine d(-4).
12
Let t = -737 + 732. Let v(m) = 3 + 0*m**2 - m**2 - 311*m + 309*m. Calculate v(t).
-12
Let c(f) = -f**2 + 15*f + 3. Let b be 3/10*25/30 - 1457/(-124). What is c(b)?
39
Suppose -34*w - 30 = -49*w. Suppose 0 = 2*t + w*n - n - 8, 0 = 3*n + 6. Let x(s) be the third derivative of -s**4/24 + 2*s**3 - s**2. Give x(t).
7
Let d(q) be the third derivative of q**6/30 - q**5/20 + q**4/8 - q**3/6 - q**2 + 265*q. What is d(3)?
89
Let v(g) = -g - 12. Let t = 1571 + 388. Suppose t*q - 1966*q = 91. Give v(q).
1
Let o(u) = u**3 + u**2 - 5*u - 5. Let b(x) = -46*x + 2 - x**2 - 33*x + 132*x - x**3 - 51*x. Let k(c) = -5*b(c) - 2*o(c). Calculate k(-2).
-12
Let i(u) be the third derivative of -1/12*u**4 - 1/120*u**6 - 3/20*u**5 - u**3 - 12 + 0*u + 5*u**2. Calculate i(-9).
12
Let x(n) = n**3 - 4*n**2 + n + 2. Let u(s) = 8*s - 76. Let d be u(-15). Let m = -192 - d. Calculate x(m).
6
Let f be (17 - 17)/(1 + 4 + 6 - 12). Let l(j) be the second derivative of -j**3/6 + j**2/2 - j. Give l(f).
1
Let c(x) = -4 - 13*x + 3*x + 8*x. Let f(h) = h**2 + 7*h + 3. Let t be f(-8). Suppose -3*v = 5*b - 19, 3*v + 2*b = b + t. What is c(v)?
-10
Let k(h) be the second derivative of -h**5/20 + h**4/3 + h**3 - 3*h**2/2 + 110*h. Suppose 6*v + 100 = 130. Give k(v).
2
Suppose 304*f + 2823 = -521. Let n(y) = y**3 + 12*y**2 + 6*y + 3. Give n(f).
58
Let q(i) = -2*i**2 + 1. Suppose -21 = 4*w - 1, 2*g = -5*w + 73. Suppose g = -k + 53. Determine q(k).
-31
Let p(d) = 9*d - 33*d**2 - 26*d**3 + 13*d**3 + 28*d**2 + 12*d**3 + 10. Determine p(-6).
-8
Let t(v) = -2*v**3 - 29*v**2 - 11*v + 39. Let d be 5 - (3/((-9)/2) - 5664/(-288)). Determine t(d).
-3
Suppose -4*w - 7 = -5*w. Let g(o) = -o**2 + 10*o + 2. Let y(a) = 2*a**2 - 19*a - 4. Let k(m) = w*g(m) + 4*y(m). Let h be (-6)/((-6)/2 + (16 - 14)). Give k(h).
-2
Let a(g) = -g**3 + 10*g**2 + g + 13. Suppose -52 = 3*o - 4*u - 54, -5*u + 35 = 0. Give a(o).
23
Let y(t) = -22948*t**2 - 12*t**3 + 6 + 17*t**3 + 22946*t**2 - 6*t**3 + 7*t. What is y(-3)?
-6
Let v(j) be the third derivative of -j**6/360 - j**5/60 - j**4/6 + j**3/3 + 7*j**2. Let c(h) be the first derivative of v(h). Let t be (4/(-4))/3*-9. Give c(t).
-19
Let n(g) = 60*g - 24. Let z(x) = 12*x - 5. Suppose 81 = -4*v - 9*a + 4*a, 5*v + 5*a + 105 = 0. Let m(t) = v*z(t) + 5*n(t). Determine m(1).
12
Let q(c) = -104 - c**3 + 0*c**2 + 97 - c**2 + 0*c**2. Suppose 2*u - 9 = 5*u. Let s be ((3 + u)/(-3))/2. Determine q(s).
-7
Let h(d) = d - 1. Let c(v) = 9*v**3 + 7*v**2 - 3. Let s(q) = 4*q**3 + 4*q**2 - 1. Let u(n) = 3*c(n) - 7*s(n). Let b(i) = 6*h(i) - u(i). Calculate b(-5).
16
Let o(j) be the second derivative of -j**3/3 + 23*j**2/2 + j + 410. Calculate o(-11).
45
Let r(p) = p**3 - p**2 - p + 2. Let w be (-32)/(-24)*(-3)/(-2). Let x be 4/(-3) + w + (-49)/(-21). Calculate r(x).
17
Let o(u) = -25*u - 253. Let t(n) = -9*n - 81. Let l(q) = 3*o(q) - 10*t(q). Determine l(-5).
-24
Let z(x) = -9*x + 53. Let m be z(5). Let h(j) be the third derivative of -j**6/120 + 3*j**5/20 - 3*j**4/8 + 4*j**3/3 + 4*j**2 + 75. What is h(m)?
0
Let w(b) be the second derivative of b**5/10 + b**4/12 - b**3/6 - b**2/2 - b. Let d(m) = 4*m + m + 12*m + 23 + 7*m. Let x be d(-1). Determine w(x).
-1
Suppose 16*v + 18 - 88 = 10. Let t(s) = -s**3 + 5*s**2 - 6*s + 1. Give t(v).
-29
Let z(r) be the third derivative of r**5/60 + r**4/24 - r**3/3 + 49*r**2 + 3. Suppose -4*l - 41 = 5*b, -2*l + 0*b + b = 3. What is z(l)?
10
Let r = -114 + 113. Let v(w) be the first derivative of w**4 - w**2 - w + 5. Let t(c) = c + 1. Let u(b) = r*v(b) - t(b). Determine u(1).
-3
Let g(v) = v**3 - 3*v**2 - 8*v + 8. Let z(m) = m**2 + 120*m + 3316. Let d be z(-43). What is g(d)?
18
Let w = 196 - 208. Let x(y) = y**2 + 4*y - 87. Let l be x(w). Let b(p) = -p**3 + 8*p**2 + 8*p + 10. Determine b(l).
1
Let j(i) = i + 12. Suppose -h + 2*h - 6 = -2*c, 5*c + 5*h - 5 = 0. Suppose a = 9 - c. Suppose -l - 3*x = 0, -a*l + 2*x = -5*l. Calculate j(l).
12
Let s(d) = 4381*d - 1461*d - 1461*d + 2*d**2 + 0 + 1 - 1436*d. Give s(-12).
13
Let g(o) be the second derivative of 3*o**5/4 - o**3/6 + o. Let t(l) = -5*l**2 + 3*l + 431. Let p be t(-9). Give g(p).
-14
Suppose -5*j - p - 323 = -28, -5*j - 295 = 5*p. Let m be ((-1365)/9)/(-7)*3. Let g = j + m. Let o(c) = -c**3 + 6*c**2 + c. Determine o(g).
6
Let m(z) = z**2 - 2*z - 3. Let y(d) = 24*d**2 + 13*d + 18. Let o(p) = 6*m(p) + y(p). Calculate o(-1).
29
Let d be 210/5 + -2 - 2. Let a = d - 36. Suppose -j - 1 = -2*j + a*x, 0 = -j - 4*x + 13. Let l(t) = t**3 - 6*t**2 + 6*t - 4. What is l(j)?
1
Let v(c) be the third derivative of 3*c**4/4 - 7*c**3/3 + 223*c**2 - c. What is v(6)?
94
Let p(r) = -r**3 + 6*r**2 - 2*r - 11. Let y = -124 + 132. Suppose -85 = -y*v - 45. Give p(v).
4
Let b(o) = -182*o - 187*o - 7 - 159*o + 730*o - 152*o. What is b(1)?
43
Suppose -c + 9*r - 82 = -3*c, 5*r = -2*c + 58. Let y(z) = -2*z**2 + 26*z - 13. Give y(c).
-41
Let u be 5311/470 - (9 - -2). Let f(p) be the second derivative of -1/2*p**2 + 0 + 1/3*p**3 - 36*p + u*p**5 - 1/12*p**4. Determine f(1).
6
Let v(p) = 1 - 3 - 21*p + 10*p + 10*p. Suppose 0*f = -2*q - 3*f - 21, q - f = -23. Let w = q - -24. Calculate v(w).
-8
Let n(x) = 5 + 412*x - 6 + 410*x - 817*x. Suppose 4 + 8 = 4*h. What is n(h)?
14
Let j(c) = -c**2 + 14*c - 6. Let r(k) = 840*k**2 + 837*k. Let m be r(-1). Give j(m).
27
Let k be (-1*(-2 + 4))/(1/2). Let v(p) = -5*p - 11. Let g be v(k). Let t be (-2)/(-4)*(g + 2 + -7). Let s(r) = 4*r - 1. Calculate s(t).
7
Let l(o) be the second derivative of -o**5/20 - 3*o**4 + 5*o**3 - 130*o**2 + 523*o - 2. What is l(-37)?
-1
Let z(n) = -n + 1. Suppose 0 = -11*t + 3*t - 128. Let k be ((-6)/t)/((-5)/(-40)). Suppose -k*s + 6 = -3*c, -2*c = -c + 1. Determine z(s).
0
Let c(n) = -6*n - 98. Let x be c(-15). Suppose d = -0*d - 2. Let m(v) = 5*v + 31. Let z(a) = a + 6. Let u(y) = d*m(y) + 11*z(y). Determine u(x).
-4
Let q(x) = -x**2 - 3*x - 3. Let h(i) = -4*i + 41. Let p be h(7). Suppose 3*d - p + 10 = 0. Suppose 2*j = d - 9. Calculate q(j).
-7
Suppose 2*v - 2 = 0, -2*u = -6*v + 8*v - 14. Suppose u*r + 12 = 4*r. Let j(w) = w**3 + 6*w**2 + 2*w + 2. Calculate j(r).
-10
Let q = -387 + 931. Let c be (-12)/66 - q/(-88). Let y(b) = -b**3 + 7*b**2 - 7*b + 6. Give y(c).
0
Let z(o) = 4*o + 6. Let p(d) = -6*d + 13. Suppose 0 = -9*x + 5*x + 64. Suppose -10*l + x*l = 18. Let i be p(l). Determine z(i).
-14
Let a(j) = -4 + 12 + 0 + 2*j. Suppose -612*c - 8186 = 596*c + 1478. Determine a(c).
-8
Let x(t) = -32*t - 1. Let g = -3740 + 3741. Determine x(g).
-33
Let q(p) = -345*p**2 - 358*p**2 + 705*p**2 - 9 - 20*p. Determine q(9).
-27
Let d(u) = 23971 - 23971 + 27*u. What is d(2)?
54
Let b(g) be the first derivative of -11*g**4/4 - g**3/3 + g**2/2 - g - 676. Calculate b(1).
-12
Let d(v) = -2*v**3 + 2*v**2 + 2*v + 9. Let l(m) = -m**3 + m**2 + 4. Let a